{"id":1197,"date":"2022-12-06T09:53:15","date_gmt":"2022-12-06T14:53:15","guid":{"rendered":"https:\/\/www.steen.quebec\/?page_id=1197"},"modified":"2025-05-21T12:16:33","modified_gmt":"2025-05-21T16:16:33","slug":"comite-executifs","status":"publish","type":"page","link":"https:\/\/www.steen.quebec\/index.php\/structure-organisationnelle\/comite-executifs\/","title":{"rendered":"Comit\u00e9 \u00e9x\u00e9cutifs"},"content":{"rendered":"<div id=\"pl-1197\"  class=\"panel-layout\" ><div id=\"pg-1197-0\"  class=\"panel-grid panel-no-style\" ><div id=\"pgc-1197-0-0\"  class=\"panel-grid-cell\" ><div id=\"panel-1197-0-0-0\" class=\"so-panel widget widget_sow-editor panel-first-child panel-last-child\" data-index=\"0\" ><div\n\t\t\t\n\t\t\tclass=\"so-widget-sow-editor so-widget-sow-editor-base\"\n\t\t\t\n\t\t>\n<div class=\"siteorigin-widget-tinymce textwidget\">\n\t<h1 style=\"text-align: center;\">Comit\u00e9 Ex\u00e9cutif<\/h1>\n<img loading=\"lazy\" decoding=\"async\" class=\"size-full wp-image-1222 aligncenter\" src=\"https:\/\/www.steen.quebec\/wp-content\/uploads\/2022\/12\/Capture-decran_20221206_114306.png\" alt=\"\" width=\"141\" height=\"133\" \/>\n\n&nbsp;\n<h3 style=\"text-align: center;\">Membres en poste :<\/h3>\n<p style=\"text-align: center;\">Jean-Philippe Levesque, Pr\u00e9sident<\/p>\n\n\n<hr \/>\n<p style=\"text-align: center;\">Mathieu Bilodeau, Vice-Pr\u00e9sident Principal<\/p>\n\n\n<hr \/>\n<p style=\"text-align: center;\">Alexandre Tremblay, Vice-Pr\u00e9sident 1<\/p>\n\n\n<hr \/>\n<p style=\"text-align: center;\">Marc-Andr\u00e9 Tremblay, Vice-Pr\u00e9sident 2<\/p>\n\n\n<hr \/>\n<p style=\"text-align: center;\">Steeve Hebert, Secr\u00e9taire-Archiviste <\/p>\n\n\n<hr \/>\n<p style=\"text-align: center;\">Jean-Francois N\u00e9ron, Tr\u00e9sorier<\/p>\n\n\n<h3 style=\"text-align: center;\">Pour nous joindre par t\u00e9l\u00e9phone, nos num\u00e9ro sont disponible au bureau.<\/h3><\/div>\n<\/div><\/div><\/div><\/div><\/div>","protected":false},"excerpt":{"rendered":"<p>Comit\u00e9 Ex\u00e9cutif &nbsp; Membres en poste : Jean-Philippe Levesque, Pr\u00e9sident Mathieu Bilodeau, Vice-Pr\u00e9sident Principal Alexandre Tremblay, Vice-Pr\u00e9sident 1 Marc-Andr\u00e9 Tremblay, Vice-Pr\u00e9sident 2 Steeve Hebert, Secr\u00e9taire-Archiviste Jean-Francois N\u00e9ron, Tr\u00e9sorier Pour nous joindre par t\u00e9l\u00e9phone, nos num\u00e9ro sont disponible au bureau.<\/p>\n","protected":false},"author":6,"featured_media":0,"parent":1216,"menu_order":0,"comment_status":"closed","ping_status":"closed","template":"","meta":{"footnotes":"","_links_to":"","_links_to_target":""},"class_list":["post-1197","page","type-page","status-publish","hentry","entry","owp-thumbs-layout-horizontal","owp-btn-normal","owp-tabs-layout-horizontal","has-no-thumbnails","has-product-nav"],"_links":{"self":[{"href":"https:\/\/www.steen.quebec\/index.php\/wp-json\/wp\/v2\/pages\/1197","targetHints":{"allow":["GET"]}}],"collection":[{"href":"https:\/\/www.steen.quebec\/index.php\/wp-json\/wp\/v2\/pages"}],"about":[{"href":"https:\/\/www.steen.quebec\/index.php\/wp-json\/wp\/v2\/types\/page"}],"author":[{"embeddable":true,"href":"https:\/\/www.steen.quebec\/index.php\/wp-json\/wp\/v2\/users\/6"}],"replies":[{"embeddable":true,"href":"https:\/\/www.steen.quebec\/index.php\/wp-json\/wp\/v2\/comments?post=1197"}],"version-history":[{"count":16,"href":"https:\/\/www.steen.quebec\/index.php\/wp-json\/wp\/v2\/pages\/1197\/revisions"}],"predecessor-version":[{"id":1859,"href":"https:\/\/www.steen.quebec\/index.php\/wp-json\/wp\/v2\/pages\/1197\/revisions\/1859"}],"up":[{"embeddable":true,"href":"https:\/\/www.steen.quebec\/index.php\/wp-json\/wp\/v2\/pages\/1216"}],"wp:attachment":[{"href":"https:\/\/www.steen.quebec\/index.php\/wp-json\/wp\/v2\/media?parent=1197"}],"curies":[{"name":"wp","href":"https:\/\/api.w.org\/{rel}","templated":true}]}}