{"id":1655,"date":"2024-03-25T07:33:40","date_gmt":"2024-03-25T11:33:40","guid":{"rendered":"https:\/\/www.steen.quebec\/?page_id=1655"},"modified":"2024-03-25T11:19:53","modified_gmt":"2024-03-25T15:19:53","slug":"demande-de-rectification-dun-renseignement-personnel","status":"publish","type":"page","link":"https:\/\/www.steen.quebec\/index.php\/renseignement-personel\/politique\/demande-de-rectification-dun-renseignement-personnel\/","title":{"rendered":"Demande de rectification d&rsquo;un renseignement personnel"},"content":{"rendered":"<div class=\"forminator-ui forminator-custom-form forminator-custom-form-1683 forminator-design--default  forminator_ajax\" data-forminator-render=\"0\" data-form=\"forminator-module-1683\" data-uid=\"69f50ed2e3279\"><br\/><\/div><form\n\t\t\t\tid=\"forminator-module-1683\"\n\t\t\t\tclass=\"forminator-ui forminator-custom-form forminator-custom-form-1683 forminator-design--default  forminator_ajax\"\n\t\t\t\tmethod=\"post\"\n\t\t\t\tdata-forminator-render=\"0\"\n\t\t\t\tdata-form-id=\"1683\"\n\t\t\t\t\n\t\t\t\tdata-design=\"default\"\n\t\t\t\t\n\t\t\t\t\n\t\t\t\t\n\t\t\t\tdata-grid=\"open\"\n\t\t\t\t\n\t\t\t\t\n\t\t\t\tstyle=\"display: none;\"\n\t\t\t\t\n\t\t\t\tdata-uid=\"69f50ed2e3279\"\n\t\t\t><div role=\"alert\" aria-live=\"polite\" class=\"forminator-response-message forminator-error\" aria-hidden=\"true\"><\/div><div class=\"forminator-row\"><div id=\"name-1\" class=\"forminator-field-name forminator-col forminator-col-12 \"><div class=\"forminator-field\"><label for=\"forminator-field-name-1_69f50ed2e3279\" id=\"forminator-field-name-1_69f50ed2e3279-label\" class=\"forminator-label\">Nom &amp; Pr\u00e9nom<\/label><input type=\"text\" name=\"name-1\" value=\"\" placeholder=\"Par exemple\u00a0: Jacques Martin\" id=\"forminator-field-name-1_69f50ed2e3279\" class=\"forminator-input forminator-name--field\" aria-required=\"false\" \/><\/div><\/div><\/div><div class=\"forminator-row\"><div id=\"name-2\" class=\"forminator-field-name forminator-col forminator-col-12 \"><div class=\"forminator-field\"><label for=\"forminator-field-name-2_69f50ed2e3279\" id=\"forminator-field-name-2_69f50ed2e3279-label\" class=\"forminator-label\">Matricule<\/label><input type=\"text\" name=\"name-2\" value=\"\" placeholder=\"Par exemple\u00a0: 515 XXX\" id=\"forminator-field-name-2_69f50ed2e3279\" class=\"forminator-input forminator-name--field\" aria-required=\"false\" \/><\/div><\/div><\/div><div class=\"forminator-row\"><div id=\"textarea-2\" class=\"forminator-field-textarea forminator-col forminator-col-12 \"><div class=\"forminator-field\"><label for=\"forminator-field-textarea-2_69f50ed2e3279\" id=\"forminator-field-textarea-2_69f50ed2e3279-label\" class=\"forminator-label\">Formulez votre demande de rectification<\/label><textarea name=\"textarea-2\" placeholder=\"Il est de votre responsabilit\u00e9 de nous informer de tout changement relativement \u00e0 vos renseignements personnels.\n\nSi vous souhaitez faire corriger des renseignements personnels contenus \u00e0 votre dossier qui seraient incomplets ou inexacts, vous devez nous transmettre une demande \u00e9crite \u00e0 cet effet. Le Syndicat dispose d\u2019un d\u00e9lai de 30 jours de la r\u00e9ception pour r\u00e9pondre \u00e0 la demande.\" id=\"forminator-field-textarea-2_69f50ed2e3279\" class=\"forminator-textarea\" rows=\"6\" style=\"min-height:140px;\" ><\/textarea><\/div><\/div><\/div><input type=\"hidden\" name=\"referer_url\" value=\"\" \/><div class=\"forminator-row forminator-row-last\"><div class=\"forminator-col\"><div class=\"forminator-field\"><button class=\"forminator-button forminator-button-submit\">Envoyer le message<\/button><\/div><\/div><\/div><input type=\"hidden\" id=\"forminator_nonce\" name=\"forminator_nonce\" value=\"dd8d5774f1\" \/><input type=\"hidden\" name=\"_wp_http_referer\" value=\"\/index.php\/wp-json\/wp\/v2\/pages\/1655\" \/><input type=\"hidden\" name=\"form_id\" value=\"1683\"><input type=\"hidden\" name=\"page_id\" value=\"1655\"><input type=\"hidden\" name=\"form_type\" value=\"default\"><input type=\"hidden\" name=\"current_url\" value=\"https:\/\/www.steen.quebec\/index.php\/renseignement-personel\/politique\/demande-de-rectification-dun-renseignement-personnel\/\"><input type=\"hidden\" name=\"render_id\" value=\"0\"><input type=\"hidden\" name=\"action\" value=\"forminator_submit_form_custom-forms\"><\/form>\n","protected":false},"excerpt":{"rendered":"","protected":false},"author":6,"featured_media":0,"parent":1648,"menu_order":0,"comment_status":"closed","ping_status":"closed","template":"","meta":{"footnotes":"","_links_to":"","_links_to_target":""},"class_list":["post-1655","page","type-page","status-publish","hentry","entry","owp-thumbs-layout-horizontal","owp-btn-normal","owp-tabs-layout-horizontal","has-no-thumbnails","has-product-nav"],"_links":{"self":[{"href":"https:\/\/www.steen.quebec\/index.php\/wp-json\/wp\/v2\/pages\/1655","targetHints":{"allow":["GET"]}}],"collection":[{"href":"https:\/\/www.steen.quebec\/index.php\/wp-json\/wp\/v2\/pages"}],"about":[{"href":"https:\/\/www.steen.quebec\/index.php\/wp-json\/wp\/v2\/types\/page"}],"author":[{"embeddable":true,"href":"https:\/\/www.steen.quebec\/index.php\/wp-json\/wp\/v2\/users\/6"}],"replies":[{"embeddable":true,"href":"https:\/\/www.steen.quebec\/index.php\/wp-json\/wp\/v2\/comments?post=1655"}],"version-history":[{"count":3,"href":"https:\/\/www.steen.quebec\/index.php\/wp-json\/wp\/v2\/pages\/1655\/revisions"}],"predecessor-version":[{"id":1685,"href":"https:\/\/www.steen.quebec\/index.php\/wp-json\/wp\/v2\/pages\/1655\/revisions\/1685"}],"up":[{"embeddable":true,"href":"https:\/\/www.steen.quebec\/index.php\/wp-json\/wp\/v2\/pages\/1648"}],"wp:attachment":[{"href":"https:\/\/www.steen.quebec\/index.php\/wp-json\/wp\/v2\/media?parent=1655"}],"curies":[{"name":"wp","href":"https:\/\/api.w.org\/{rel}","templated":true}]}}

<div class="forminator-ui forminator-custom-form forminator-custom-form-1683 forminator-design--default  forminator_ajax" data-forminator-render="0" data-form="forminator-module-1683" data-uid="69f50ed2e3279"><br/></div><form
				id="forminator-module-1683"
				class="forminator-ui forminator-custom-form forminator-custom-form-1683 forminator-design--default  forminator_ajax"
				method="post"
				data-forminator-render="0"
				data-form-id="1683"
				
				data-design="default"
				
				
				
				data-grid="open"
				
				
				style="display: none;"
				
				data-uid="69f50ed2e3279"
			><div role="alert" aria-live="polite" class="forminator-response-message forminator-error" aria-hidden="true"></div><div class="forminator-row"><div id="name-1" class="forminator-field-name forminator-col forminator-col-12 "><div class="forminator-field"><label for="forminator-field-name-1_69f50ed2e3279" id="forminator-field-name-1_69f50ed2e3279-label" class="forminator-label">Nom &amp; Prénom</label><input type="text" name="name-1" value="" placeholder="Par exemple : Jacques Martin" id="forminator-field-name-1_69f50ed2e3279" class="forminator-input forminator-name--field" aria-required="false" /></div></div></div><div class="forminator-row"><div id="name-2" class="forminator-field-name forminator-col forminator-col-12 "><div class="forminator-field"><label for="forminator-field-name-2_69f50ed2e3279" id="forminator-field-name-2_69f50ed2e3279-label" class="forminator-label">Matricule</label><input type="text" name="name-2" value="" placeholder="Par exemple : 515 XXX" id="forminator-field-name-2_69f50ed2e3279" class="forminator-input forminator-name--field" aria-required="false" /></div></div></div><div class="forminator-row"><div id="textarea-2" class="forminator-field-textarea forminator-col forminator-col-12 "><div class="forminator-field"><label for="forminator-field-textarea-2_69f50ed2e3279" id="forminator-field-textarea-2_69f50ed2e3279-label" class="forminator-label">Formulez votre demande de rectification</label><textarea name="textarea-2" placeholder="Il est de votre responsabilité de nous informer de tout changement relativement à vos renseignements personnels.

Si vous souhaitez faire corriger des renseignements personnels contenus à votre dossier qui seraient incomplets ou inexacts, vous devez nous transmettre une demande écrite à cet effet. Le Syndicat dispose d’un délai de 30 jours de la réception pour répondre à la demande." id="forminator-field-textarea-2_69f50ed2e3279" class="forminator-textarea" rows="6" style="min-height:140px;" ></textarea></div></div></div><input type="hidden" name="referer_url" value="" /><div class="forminator-row forminator-row-last"><div class="forminator-col"><div class="forminator-field"><button class="forminator-button forminator-button-submit">Envoyer le message</button></div></div></div><input type="hidden" id="forminator_nonce" name="forminator_nonce" value="dd8d5774f1" /><input type="hidden" name="_wp_http_referer" value="/index.php/wp-json/wp/v2/pages/1655" /><input type="hidden" name="form_id" value="1683"><input type="hidden" name="page_id" value="1655"><input type="hidden" name="form_type" value="default"><input type="hidden" name="current_url" value="https://www.steen.quebec/index.php/renseignement-personel/politique/demande-de-rectification-dun-renseignement-personnel/"><input type="hidden" name="render_id" value="0"><input type="hidden" name="action" value="forminator_submit_form_custom-forms"></form>
