{"id":56,"date":"2015-09-15T18:24:46","date_gmt":"2015-09-15T17:24:46","guid":{"rendered":"http:\/\/207.253.81.60\/?page_id=56"},"modified":"2022-05-09T10:28:12","modified_gmt":"2022-05-09T14:28:12","slug":"nous-joindre","status":"publish","type":"page","link":"https:\/\/www.steen.quebec\/index.php\/nous-joindre\/","title":{"rendered":"Nous joindre"},"content":{"rendered":"<h1><img loading=\"lazy\" decoding=\"async\" class=\"alignnone wp-image-839\" src=\"https:\/\/www.steen.quebec\/wp-content\/uploads\/2021\/12\/carte-400x242.jpg\" alt=\"\" width=\"729\" height=\"441\" srcset=\"https:\/\/www.steen.quebec\/wp-content\/uploads\/2021\/12\/carte-400x242.jpg 400w, https:\/\/www.steen.quebec\/wp-content\/uploads\/2021\/12\/carte-300x182.jpg 300w, https:\/\/www.steen.quebec\/wp-content\/uploads\/2021\/12\/carte-600x363.jpg 600w, https:\/\/www.steen.quebec\/wp-content\/uploads\/2021\/12\/carte-1024x620.jpg 1024w, https:\/\/www.steen.quebec\/wp-content\/uploads\/2021\/12\/carte-768x465.jpg 768w, https:\/\/www.steen.quebec\/wp-content\/uploads\/2021\/12\/carte-1536x930.jpg 1536w, https:\/\/www.steen.quebec\/wp-content\/uploads\/2021\/12\/carte-624x378.jpg 624w, https:\/\/www.steen.quebec\/wp-content\/uploads\/2021\/12\/carte.jpg 1699w\" sizes=\"auto, (max-width: 729px) 100vw, 729px\" \/><\/h1>\n<h3>Nos bureaux :<\/h3>\n<p><strong>Syndicat des travailleurs (euses) d&rsquo;\u00c9nergie \u00e9lectrique Nord (STEEN)<\/strong><br \/>\n1640 Hamilton, Alma, Qu\u00e9bec\u00a0 G8B 4Z1<br \/>\nT\u00e9l\u00e9phone : 418-668-2560<br \/>\nT\u00e9l\u00e9copieur : 418-668-7969<\/p>\n<hr \/>\n<h2>Pour nous rejoindre par courrier \u00e9lectronique :<\/h2>\n<table style=\"width: 626px; height: 395px;\" border=\"0\" cellspacing=\"0\" cellpadding=\"5\">\n<tbody>\n<tr>\n<td style=\"width: 50%;\"><strong>Membres de l&rsquo;ex\u00e9cutif<\/strong><\/td>\n<td style=\"width: 50%;\"><strong>Courriel :<\/strong><\/td>\n<\/tr>\n<tr>\n<td>Jean-Phillipe L\u00e9vesque, Pr\u00e9sident<\/td>\n<td><a href=\"mailto:presidentsteen9875@gmail.com\"><strong>presidentsteen9875@gmail.com<\/strong><\/a><\/td>\n<\/tr>\n<tr>\n<td>\u00c9rick Michaud , Vice-pr\u00e9sident 1<\/td>\n<td><a href=\"mailto:vp1steen9875@gmail.com\"><strong>vp1steen9875@gmail.com<\/strong><\/a><\/td>\n<\/tr>\n<tr>\n<td>Jean-Francois Bouffard , Vice-pr\u00e9sident 2<\/td>\n<td><a href=\"mailto:vp2steen9875@gmail.com\"><strong>vp2steen9875@gmail.com<\/strong><\/a><\/td>\n<\/tr>\n<tr>\n<td>Jean-Fran\u00e7ois N\u00e9ron, Tr\u00e9sorier<\/td>\n<td><a href=\"mailto:tresoriersteen9875@gmail.com\"><strong>tresoriersteen9875@gmail.com<\/strong><\/a><\/td>\n<\/tr>\n<tr>\n<td>Marc-Andr\u00e9 Tremblay , Secr\u00e9taire-Archiviste<\/td>\n<td><a href=\"mailto:secretairesteen9875@gmail.com\"><strong>secretairesteen9875@gmail.com<\/strong><\/a><\/td>\n<\/tr>\n<tr>\n<td>Jean-Francois Lapointe ,<br \/>\nRepr\u00e9sentant pr\u00e9vention<strong> 418-482-3637<\/strong><\/td>\n<td><a href=\"mailto:rpsteen9875@gmail.com\"><strong>rpsteen9875@gmail.com<br \/>\n<\/strong><\/a><\/td>\n<\/tr>\n<tr>\n<td>Mathieu Bilodeau, Vice-Pr\u00e9sident Principale + RP<\/td>\n<td><a href=\"mailto:vpprincipalsteen9875@gmail.com\"><strong>vpprincipalsteen9875@gmail.com<\/strong><\/a><\/td>\n<\/tr>\n<tr>\n<td>Patrice Girard, Conseiller Steen Local<\/td>\n<td><strong><a href=\"mailto:conseillersteen9875@gmail.com\">conseillersteen9875@gmail.com<\/a><\/strong><\/td>\n<\/tr>\n<\/tbody>\n<\/table>\n","protected":false},"excerpt":{"rendered":"<p>Nos bureaux : Syndicat des travailleurs (euses) d&rsquo;\u00c9nergie \u00e9lectrique Nord (STEEN) 1640 Hamilton, Alma, Qu\u00e9bec\u00a0 G8B 4Z1 T\u00e9l\u00e9phone : 418-668-2560 T\u00e9l\u00e9copieur : 418-668-7969 Pour nous rejoindre par courrier \u00e9lectronique : Membres de l&rsquo;ex\u00e9cutif Courriel : Jean-Phillipe L\u00e9vesque, Pr\u00e9sident presidentsteen9875@gmail.com \u00c9rick Michaud , Vice-pr\u00e9sident 1 vp1steen9875@gmail.com Jean-Francois Bouffard , Vice-pr\u00e9sident 2 vp2steen9875@gmail.com Jean-Fran\u00e7ois N\u00e9ron, Tr\u00e9sorier tresoriersteen9875@gmail.com [&hellip;]<\/p>\n","protected":false},"author":1,"featured_media":0,"parent":0,"menu_order":0,"comment_status":"closed","ping_status":"closed","template":"","meta":{"footnotes":"","_links_to":"","_links_to_target":""},"class_list":["post-56","page","type-page","status-publish","hentry","entry","owp-thumbs-layout-horizontal","owp-btn-normal","owp-tabs-layout-horizontal","has-no-thumbnails","has-product-nav"],"_links":{"self":[{"href":"https:\/\/www.steen.quebec\/index.php\/wp-json\/wp\/v2\/pages\/56","targetHints":{"allow":["GET"]}}],"collection":[{"href":"https:\/\/www.steen.quebec\/index.php\/wp-json\/wp\/v2\/pages"}],"about":[{"href":"https:\/\/www.steen.quebec\/index.php\/wp-json\/wp\/v2\/types\/page"}],"author":[{"embeddable":true,"href":"https:\/\/www.steen.quebec\/index.php\/wp-json\/wp\/v2\/users\/1"}],"replies":[{"embeddable":true,"href":"https:\/\/www.steen.quebec\/index.php\/wp-json\/wp\/v2\/comments?post=56"}],"version-history":[{"count":38,"href":"https:\/\/www.steen.quebec\/index.php\/wp-json\/wp\/v2\/pages\/56\/revisions"}],"predecessor-version":[{"id":874,"href":"https:\/\/www.steen.quebec\/index.php\/wp-json\/wp\/v2\/pages\/56\/revisions\/874"}],"wp:attachment":[{"href":"https:\/\/www.steen.quebec\/index.php\/wp-json\/wp\/v2\/media?parent=56"}],"curies":[{"name":"wp","href":"https:\/\/api.w.org\/{rel}","templated":true}]}}

<h1><img loading="lazy" decoding="async" class="alignnone wp-image-839" src="https://www.steen.quebec/wp-content/uploads/2021/12/carte-400x242.jpg" alt="" width="729" height="441" srcset="https://www.steen.quebec/wp-content/uploads/2021/12/carte-400x242.jpg 400w, https://www.steen.quebec/wp-content/uploads/2021/12/carte-300x182.jpg 300w, https://www.steen.quebec/wp-content/uploads/2021/12/carte-600x363.jpg 600w, https://www.steen.quebec/wp-content/uploads/2021/12/carte-1024x620.jpg 1024w, https://www.steen.quebec/wp-content/uploads/2021/12/carte-768x465.jpg 768w, https://www.steen.quebec/wp-content/uploads/2021/12/carte-1536x930.jpg 1536w, https://www.steen.quebec/wp-content/uploads/2021/12/carte-624x378.jpg 624w, https://www.steen.quebec/wp-content/uploads/2021/12/carte.jpg 1699w" sizes="auto, (max-width: 729px) 100vw, 729px" /></h1>
<h3>Nos bureaux :</h3>
<p><strong>Syndicat des travailleurs (euses) d&rsquo;Énergie électrique Nord (STEEN)</strong><br />
1640 Hamilton, Alma, Québec  G8B 4Z1<br />
Téléphone : 418-668-2560<br />
Télécopieur : 418-668-7969</p>
<hr />
<h2>Pour nous rejoindre par courrier électronique :</h2>
<table style="width: 626px; height: 395px;" border="0" cellspacing="0" cellpadding="5">
<tbody>
<tr>
<td style="width: 50%;"><strong>Membres de l&rsquo;exécutif</strong></td>
<td style="width: 50%;"><strong>Courriel :</strong></td>
</tr>
<tr>
<td>Jean-Phillipe Lévesque, Président</td>
<td><a href="mailto:presidentsteen9875@gmail.com"><strong>presidentsteen9875@gmail.com</strong></a></td>
</tr>
<tr>
<td>Érick Michaud , Vice-président 1</td>
<td><a href="mailto:vp1steen9875@gmail.com"><strong>vp1steen9875@gmail.com</strong></a></td>
</tr>
<tr>
<td>Jean-Francois Bouffard , Vice-président 2</td>
<td><a href="mailto:vp2steen9875@gmail.com"><strong>vp2steen9875@gmail.com</strong></a></td>
</tr>
<tr>
<td>Jean-François Néron, Trésorier</td>
<td><a href="mailto:tresoriersteen9875@gmail.com"><strong>tresoriersteen9875@gmail.com</strong></a></td>
</tr>
<tr>
<td>Marc-André Tremblay , Secrétaire-Archiviste</td>
<td><a href="mailto:secretairesteen9875@gmail.com"><strong>secretairesteen9875@gmail.com</strong></a></td>
</tr>
<tr>
<td>Jean-Francois Lapointe ,<br />
Représentant prévention<strong> 418-482-3637</strong></td>
<td><a href="mailto:rpsteen9875@gmail.com"><strong>rpsteen9875@gmail.com<br />
</strong></a></td>
</tr>
<tr>
<td>Mathieu Bilodeau, Vice-Président Principale + RP</td>
<td><a href="mailto:vpprincipalsteen9875@gmail.com"><strong>vpprincipalsteen9875@gmail.com</strong></a></td>
</tr>
<tr>
<td>Patrice Girard, Conseiller Steen Local</td>
<td><strong><a href="mailto:conseillersteen9875@gmail.com">conseillersteen9875@gmail.com</a></strong></td>
</tr>
</tbody>
</table>

<p>Nos bureaux : Syndicat des travailleurs (euses) d&rsquo;Énergie électrique Nord (STEEN) 1640 Hamilton, Alma, Québec  G8B 4Z1 Téléphone : 418-668-2560 Télécopieur : 418-668-7969 Pour nous rejoindre par courrier électronique : Membres de l&rsquo;exécutif Courriel : Jean-Phillipe Lévesque, Président presidentsteen9875@gmail.com Érick Michaud , Vice-président 1 vp1steen9875@gmail.com Jean-Francois Bouffard , Vice-président 2 vp2steen9875@gmail.com Jean-François Néron, Trésorier tresoriersteen9875@gmail.com [&hellip;]</p>
